r?
True
Is 41999 prime?
True
Is 8997 a composite number?
True
Is 2305 a composite number?
True
Is 8779 prime?
True
Is 3989 prime?
True
Is 222403 composite?
False
Is 231589 composite?
False
Is 3605941 composite?
True
Is 4717 a composite number?
True
Is 1678 a composite number?
True
Is 189547 composite?
False
Is 65089 a prime number?
True
Is 5471 a prime number?
True
Is 5039 a prime number?
True
Is 141587 composite?
False
Is 9383 a prime number?
False
Is 838783 a composite number?
True
Is 366547 a prime number?
True
Is 3119 composite?
False
Is 39307 a prime number?
False
Is 1068247 a prime number?
True
Is 38365 a composite number?
True
Is 29699 prime?
False
Is 1409 prime?
True
Is 1105109 composite?
False
Is 1454 prime?
False
Is 443 a prime number?
True
Is 2021 composite?
True
Is 5933 a prime number?
False
Is 27106 a composite number?
True
Is 58477 a prime number?
True
Is 14893 composite?
True
Is 23117 a prime number?
True
Is 19853 composite?
False
Is 7753 composite?
False
Is 76085 a composite number?
True
Is 1541 a composite number?
True
Is 7789 composite?
False
Is 24029 a prime number?
True
Is 61423 a composite number?
True
Is 7039 composite?
False
Is 348527 prime?
True
Is 87322 a prime number?
False
Is 71653 prime?
False
Is 10753 composite?
False
Is 2357 composite?
False
Is 46733 a composite number?
True
Is 474322 composite?
True
Is 19693 a prime number?
False
Is 13479 prime?
False
Is 88919 a prime number?
True
Is 1969 a prime number?
False
Is 11545 a composite number?
True
Is 37029 prime?
False
Is 10903 prime?
True
Is 383459 composite?
False
Is 243449 a prime number?
False
Is 164599 a prime number?
True
Is 9197 prime?
False
Is 38 prime?
False
Is 250361 prime?
True
Is 22179 a prime number?
False
Is 17569 prime?
True
Is 607519 composite?
True
Is 84727 a prime number?
False
Is 743101 a prime number?
False
Is 65789 a prime number?
True
Is 195319 composite?
False
Is 13169 composite?
True
Is 48073 a composite number?
False
Is 44053 a prime number?
True
Is 14137 composite?
True
Is 64151 a prime number?
True
Is 183913 composite?
True
Is 1088063 composite?
False
Is 55469 composite?
False
Is 1361 a prime number?
True
Is 29039 prime?
False
Is 13421 prime?
True
Is 36187 composite?
False
Is 14923 a composite number?
False
Is 143 a prime number?
False
Is 1847 prime?
True
Is 120277 prime?
True
Is 1220171 a composite number?
False
Is 354533 a composite number?
False
Is 18413 a composite number?
False
Is 649 a composite number?
True
Is 4283 prime?
True
Is 17551 a prime number?
True
Is 1055 a composite number?
True
Is 2423 a prime number?
True
Is 9313 a composite number?
True
Is 20201 a prime number?
True
Is 1130527 prime?
True
Is 1802251 prime?
False
Is 7789 a prime number?
True
Is 13449 a composite number?
True
Is 27323 a composite number?
True
Is 3163 prime?
True
Is 10133 a prime number?
True
Is 228053 a prime number?
False
Is 1571 a prime number?
True
Is 12847 a prime number?
False
Is 1361 composite?
False
Is 216569 a prime number?
True
Is 53017 a composite number?
False
Is 3389 prime?
True
Is 3223 a composite number?
True
Is 23459 a prime number?
True
Is 626927 composite?
True
Is 272651 a prime number?
True
Is 49415 a prime number?
False
Is 222529 prime?
False
Is 100019 composite?
False
Is 729779 a prime number?
True
Is 180437 a prime number?
True
Is 7279 composite?
True
Is 3313 a prime number?
True
Is 22717 a prime number?
True
Is 17341 a prime number?
True
Is 2819 a prime number?
True
Is 785413 composite?
False
Is 29905 prime?
False
Is 19999 prime?
False
Is 67207 prime?
False
Is 155678 composite?
True
Is 81749 composite?
False
Is 160255 a composite number?
True
Is 54251 prime?
True
Is 119959 a prime number?
False
Is 63647 a composite number?
False
Is 139241 a composite number?
False
Is 371974 prime?
False
Is 1432129 prime?
True
Is 7633 a prime number?
False
Is 730007 prime?
False
Is 62242 a composite number?
True
Is 205817 composite?
False
Is 24793 composite?
False
Is 563723 composite?
False
Is 413411 a prime number?
True
Is 179473 a prime number?
False
Is 19661 composite?
False
Is 263563 a composite number?
True
Is 694019 composite?
False
Is 98951 a prime number?
False
Is 11785 composite?
True
Is 22757 a composite number?
True
Is 1163311 prime?
True
Is 19181 composite?
False
Is 2253 composite?
True
Is 698171 a composite number?
False
Is 7283 a composite number?
False
Is 27647 prime?
True
Is 184105 composite?
True
Is 319 a prime number?
False
Is 22621 composite?
False
Is 2159 prime?
False
Is 4399 prime?
False
Is 61127 a composite number?
True
Is 1513 prime?
False
Is 1059 prime?
False
Is 101435 composite?
True
Is 6773 a composite number?
True
Is 129985 composite?
True
Is 20077 prime?
False
Is 3761 prime?
True
Is 3167245 prime?
False
Is 14793 a composite number?
True
Is 172699 a prime number?
False
Is 6911 prime?
True
Is 496841 composite?
False
Is 101305 prime?
False
Is 171007 a prime number?
True
Is 164777 a composite number?
True
Is 409111 composite?
True
Is 198449 a composite number?
True
Is 288289 composite?
True
Is 120073 composite?
True
Is 143137 a prime number?
True
Is 125797 a composite number?
True
Is 3649 a prime number?
False
Is 187721 composite?
False
Is 2841 a prime number?
False
Is 677 a composite number?
False
Is 196379 composite?
False
Is 49331 a composite number?
False
Is 48695 composite?
True
Is 977 prime?
True
Is 14479 a prime number?
True
Is 353321 a composite number?
False
Is 162169 a prime number?
False
Is 247141 prime?
True
Is 479231 a composite number?
False
Is 12289 composite?
False
Is 16945 prime?
False
Is 5779 prime?
True
Is 73171 a prime number?
False
Is 319773 composite?
True
Is 122443 composite?
False
Is 1123051 composite?
False
Is 3969349 prime?
True
Is 15461 a prime number?
True
Is 4227 prime?
False
Is 24659 a composite number?
False
Is 4559 a composite number?
True
Is 3900185 a composite number?
True
Is 35951 a composite number?
False
Is 8803 a prime number?
True
Is 426281 composite?
True
Is 21257 a composite number?
True
Is 1691737 prime?
True
Is 407 composite?
True
Is 5623 a prime number?
True
Is 10697 composite?
True
Is 137833 a prime number?
False
Is 330357 prime?
False
Is 7373 a prime number?
False
Is 92921 a prime number?
True
Is 30389 a prime number?
True
Is 6679 a prime number?
True
Is 1071758 composite?
True
Is 248821 composite?
False
Is 215407 a prime number?
False
Is 463907 a prime number?
True
Is 1623 prime?
False
Is 7639 composite?
False
Is 4391 a prime number?
True
Is 456791 a composite number?
False
Is 960493 a composite number?
False
Is 4771229 composite?
False
Is 598121 a composite number?
True
Is 2123411 composite?
False
Is 49717 a prime number?
False
Is 15641 composite?
False
Is 120749 a prime number?
True
Is 599831 a composite number?
False
Is 33613 a prime number?
True
Is 185273 a prime number?
False
Is 41935 a composite number?
True
Is 28687 composite?
False
Is 979313 composite?
False
Is 6017 a prime number?
False
Is 55985 prime?
False
Is 11699 a prime number?
True
Is 8581 composite?
False
Is 87959 a composite number?
False
Is 537497 composite?
False
Is 2521 composite?
False
Is 71453 a prime number?
True
Is 24281 prime?
True
Is 996103 a prime number?
True
Is 72193 a composite number?
True
Is 44503 a prime number?
False
Is 116507 composite?
False
Is 200809 composite?
True
Is 31669 a composite number?
True
Is 100129 composite?
False
Is 26797 prime?
False
Is 6131 composite?
False
Is 461479 a prime number?
True
Is 517279 a composite number?
True
Is 309323 prime?
False
Is 1046497 a composite number?
False
Is 18922 composite?
True
Is 32647 a composite number?
False
Is 646823 a composite number?
False
Is 11311 composite?
False
Is 20059 composite?
True
Is 2609 composite?
False
Is 343121 a prime number?
False
Is 120254 prime?
False
Is 822863 composite?
True
Is 144703 prime?
False
Is 132019 composite?
False
Is 11903 a prime number?
True
Is 3883 a composite number?
True
Is 47602 composite?
True
Is 2053 a prime number?
True
Is 11519 a composite number?
False
Is 526607 a prime number?
False
Is 6289 prime?
False
Is 538097 a composite number?
True
Is 31957 a prime number?
True
Is 127559 a composite number?
True
Is 5939 prime?
True
Is 4591 a composite number?
False
Is 24587 a composite number?
True
Is 698 a comp